{"id":1750,"date":"2023-08-23T12:45:35","date_gmt":"2023-08-23T10:45:35","guid":{"rendered":"https:\/\/grupbrm.cat\/formacio\/?page_id=1750"},"modified":"2024-09-17T09:30:00","modified_gmt":"2024-09-17T07:30:00","slug":"politica-de-cookies","status":"publish","type":"page","link":"https:\/\/grupbrm.cat\/formacio\/politica-de-cookies\/","title":{"rendered":"Pol\u00edtica de Cookies"},"content":{"rendered":"<div class=\"fusion-fullwidth fullwidth-box fusion-builder-row-1 fusion-flex-container has-pattern-background nonhundred-percent-fullwidth non-hundred-percent-height-scrolling\" style=\"--awb-border-color:var(--awb-color5);--awb-border-radius-top-left:0px;--awb-border-radius-top-right:0px;--awb-border-radius-bottom-right:0px;--awb-border-radius-bottom-left:0px;--awb-padding-top:0px;--awb-padding-bottom:28px;--awb-padding-top-medium:130px;--awb-padding-top-small:100px;--awb-margin-top:0px;--awb-flex-wrap:wrap;\" ><div class=\"fusion-builder-row fusion-row fusion-flex-align-items-flex-start fusion-flex-content-wrap\" style=\"max-width:1248px;margin-left: calc(-4% \/ 2 );margin-right: calc(-4% \/ 2 );\"><div class=\"fusion-layout-column fusion_builder_column fusion-builder-column-0 fusion_builder_column_1_1 1_1 fusion-flex-column\" style=\"--awb-bg-blend:overlay;--awb-bg-size:cover;--awb-width-large:100%;--awb-margin-top-large:0px;--awb-spacing-right-large:1.92%;--awb-margin-bottom-large:0px;--awb-spacing-left-large:1.92%;--awb-width-medium:100%;--awb-spacing-right-medium:1.92%;--awb-spacing-left-medium:1.92%;--awb-width-small:100%;--awb-spacing-right-small:1.92%;--awb-spacing-left-small:1.92%;\"><div class=\"fusion-column-wrapper fusion-flex-justify-content-flex-start fusion-content-layout-column\"><div class=\"fusion-text fusion-text-1\" style=\"--awb-text-color:var(--awb-color5);\"><h1><strong style=\"color: var(--awb-color5);\">Pol\u00edtica de Cookies<\/strong><\/h1>\n<p style=\"color: var(--awb-color5);\">Aquest lloc web utilitza cookies pr\u00f2pies i de tercers per a oferir-li una millor experi\u00e8ncia i servei. En navegar o utilitzar els nostres serveis l\u2019usuari accepta l\u2019\u00fas que fem de les cookies. No obstant aix\u00f2, l\u2019usuari t\u00e9 l\u2019opci\u00f3 d\u2019impedir la generaci\u00f3 de cookies i l\u2019eliminaci\u00f3 de les mateixes mitjan\u00e7ant la selecci\u00f3 de la corresponent.<\/p>\n<p><strong style=\"color: var(--awb-color5);\">Qu\u00e8 \u00e9s una cookie?<\/strong><\/p>\n<p style=\"color: var(--awb-color5);\">Una cookie \u00e9s un petit fragment de text que els llocs web envien al navegador i que s\u2019emmagatzemen en el terminal de l\u2019usuari, el qual pot ser un ordinador personal, un tel\u00e8fon m\u00f2bil, tauleta, etc. Aquests arxius permeten que el lloc web recordi informaci\u00f3 sobre la seva visita, com l\u2019idioma i les opcions preferides, la qual cosa pot facilitar la seva pr\u00f2xima visita i fer que el lloc resulti m\u00e9s \u00fatil en personalitzar el seu contingut. Les cookies exerceixen un paper molt important, en millorar l\u2019experi\u00e8ncia d\u2019\u00fas de la Web.<\/p>\n<p><strong style=\"color: var(--awb-color5);\">Tipus de cookies <\/strong><\/p>\n<p style=\"color: var(--awb-color5);\">Segons l\u2019entitat que les gestioni, les cookies poden ser:<\/p>\n<ul>\n<li><strong style=\"color: var(--awb-color5);\">Cookies pr\u00f2pies:<\/strong><span style=\"color: var(--awb-color5);\"> S\u00f3n aquelles que s\u2019envien a l\u2019equip terminal de l\u2019interessat des d\u2019un equip o domini gestionat pel propi editor i des del qual es presta el servei sol\u00b7licitat per l\u2019usuari.<\/span><\/li>\n<li><strong style=\"color: var(--awb-color5);\">Cookies de tercers: <\/strong><span style=\"color: var(--awb-color5);\">S\u00f3n aquelles que s\u2019envien a l\u2019equip terminal de l\u2019usuari des d\u2019un equip o domini que no \u00e9s gestionat per l\u2019editor, sin\u00f3 per una altra entitat que tracta les dades obtingudes trav\u00e9s de les cookies.<\/span><\/li>\n<\/ul>\n<p style=\"color: var(--awb-color5);\">Segons el termini de temps que romanen activades:<\/p>\n<ul>\n<li><strong style=\"color: var(--awb-color5);\">Cookies de sessi\u00f3<\/strong><span style=\"color: var(--awb-color5);\">: S\u00f3n un tipus de cookies dissenyades per a recaptar i emmagatzemar dades mentre l\u2019usuari accedeix a una p\u00e0gina web. Se solen emprar per a emmagatzemar informaci\u00f3 que nom\u00e9s interessa conservar per a la prestaci\u00f3 del servei sol\u00b7licitat per l\u2019usuari en una sola ocasi\u00f3.<\/span><\/li>\n<li><strong style=\"color: var(--awb-color5);\">Cookies persistents:<\/strong><span style=\"color: var(--awb-color5);\"> S\u00f3n un tipus de cookies en el qual les dades segueixen emmagatzemats en el terminal i poden ser accedits i tractats durant un per\u00edode definit pel responsable de la cookie, i que pot anar d\u2019uns minuts a diversos anys.<\/span><\/li>\n<\/ul>\n<p style=\"color: var(--awb-color5);\">Segons la finalitat per a la qual es tractin les dades obtingudes a trav\u00e9s de les cookies, la web pot utilitzar:<\/p>\n<p><strong><em><span style=\"color: var(--awb-color5);\">Cookies t\u00e8cniques<\/span><\/em><\/strong><span style=\"color: var(--awb-color5);\"> \u2013 S\u00f3n aquelles que permeten a l\u2019usuari la navegaci\u00f3 a trav\u00e9s de la p\u00e0gina web o aplicaci\u00f3 i la utilitzaci\u00f3 de les diferents opcions o serveis que en ella existeixen. Per exemple, controlar el tr\u00e0nsit i la comunicaci\u00f3 de dades, identificar la sessi\u00f3, accedir a les parts web d\u2019acc\u00e9s restringit, recordar els elements que integren una comanda, realitzar la sol\u00b7licitud d\u2019inscripci\u00f3 o participaci\u00f3 en un esdeveniment, utilitzar elements de seguretat durant la navegaci\u00f3 i emmagatzemar continguts per a la difusi\u00f3 de v\u00eddeos o so.<\/span><\/p>\n<p><strong><em><span style=\"color: var(--awb-color5);\">Cookies de personalitzaci\u00f3 <\/span><\/em><\/strong><span style=\"color: var(--awb-color5);\">\u2013 S\u00f3n aquelles que permeten a l\u2019usuari accedir al servei amb algunes caracter\u00edstiques de car\u00e0cter general predefinides en la seva terminal o que el propi usuari defineixi. Per exemple, l\u2019idioma, el tipus de navegador a trav\u00e9s del qual accedeix al servei, el disseny de continguts seleccionat, geolocalitzaci\u00f3 del terminal i la configuraci\u00f3 regional des d\u2019on s\u2019accedeix al servei.<\/span><\/p>\n<p><strong><em><span style=\"color: var(--awb-color5);\">Cookies publicit\u00e0ries <\/span><\/em><\/strong><span style=\"color: var(--awb-color5);\">\u2013 S\u00f3n aquelles que permeten la gesti\u00f3 efica\u00e7 dels espais publicitaris que s\u2019han incl\u00f2s en la p\u00e0gina web o aplicaci\u00f3 des de la qual es presta el servei. Permeten adequar el contingut de la publicitat perqu\u00e8 aquesta sigui rellevant per a l\u2019usuari i per a evitar mostrar anuncis que l\u2019usuari ja hagi vist.<\/span><\/p>\n<p><strong><em><span style=\"color: var(--awb-color5);\">Cookies d\u2019an\u00e0lisi estad\u00edstica<\/span><\/em><\/strong><span style=\"color: var(--awb-color5);\"> \u2013 S\u00f3n aquelles que permeten realitzar el seguiment i an\u00e0lisi del comportament dels usuaris en els llocs web. La informaci\u00f3 recollida mitjan\u00e7ant aquesta mena de cookies s\u2019utilitza en el mesurament de l\u2019activitat dels llocs web, aplicaci\u00f3 o plataforma i per a l\u2019elaboraci\u00f3 de perfils de navegaci\u00f3 dels usuaris d\u2019aquests llocs, amb la finalitat d\u2019introduir millores en el servei en funci\u00f3 de les dades d\u2019\u00fas que fan els usuaris.<\/span><\/p>\n<p><span style=\"color: var(--awb-color5);\">Les cookies utilitzades en aquest lloc web les pot veure al <\/span><strong><em><u><span style=\"color: var(--awb-color5);\">panell de configuraci\u00f3<\/span><\/u><\/em><\/strong><span style=\"color: var(--awb-color5);\"> i ajustar la seva configuraci\u00f3 en qualsevol moment.<\/span><\/p>\n<p style=\"color: var(--awb-color5);\">NOTA: Es pot afegir un enlla\u00e7 al panell de configuraci\u00f3 o completar la taula seg\u00fcent amb la descripci\u00f3 de les cookies que la web realment utilitza.<\/p>\n<p><strong style=\"color: var(--awb-color5);\">La identificaci\u00f3 de qui utilitza les cookies, el tipus de cookies utilitzades i altres detalls<\/strong><span style=\"color: var(--awb-color5);\">, s\u2019indica a continuaci\u00f3:<\/span><\/p>\n<table>\n<tbody>\n<tr>\n<td colspan=\"3\" width=\"850\"><strong style=\"color: var(--awb-color5);\">Cookies pr\u00f2pies<\/strong><\/td>\n<\/tr>\n<tr>\n<td width=\"346\"><strong style=\"color: var(--awb-color5);\">Cookies<\/strong><\/td>\n<td width=\"335\"><strong style=\"color: var(--awb-color5);\">Prop\u00f2sit<\/strong><\/td>\n<td width=\"169\"><strong style=\"color: var(--awb-color5);\">Per\u00edode de conservaci\u00f3<\/strong><\/td>\n<\/tr>\n<tr>\n<td width=\"346\"><\/td>\n<td width=\"335\"><\/td>\n<td width=\"169\"><\/td>\n<\/tr>\n<\/tbody>\n<\/table>\n<table>\n<tbody>\n<tr>\n<td colspan=\"4\" width=\"850\"><strong style=\"color: var(--awb-color5);\">Cookies de terceres<\/strong><\/td>\n<\/tr>\n<tr>\n<td width=\"150\"><strong style=\"color: var(--awb-color5);\">Cookies<\/strong><\/td>\n<td width=\"176\"><strong style=\"color: var(--awb-color5);\">Entitat que utilitza les cookies<\/strong><\/td>\n<td width=\"346\"><strong style=\"color: var(--awb-color5);\">Prop\u00f2sit<\/strong><\/td>\n<td width=\"178\"><strong style=\"color: var(--awb-color5);\">Mes informaci\u00f3<\/strong><\/td>\n<\/tr>\n<tr>\n<td width=\"150\"><\/td>\n<td width=\"176\"><span style=\"color: var(--awb-color5);\">Google Analytics<\/span><\/td>\n<td width=\"346\"><span style=\"color: var(--awb-color5);\">Recollir informaci\u00f3 sobre la navegaci\u00f3 dels usuaris pel lloc amb la finalitat de con\u00e8ixer l\u2019origen de les visites i altres dades similars a nivell estad\u00edstic.<\/span><\/td>\n<td width=\"178\"><a style=\"color: var(--awb-color5);\" href=\"about:blank?trp-edit-translation=preview\">Google Analytics<\/a><\/p>\n<p><a style=\"color: var(--awb-color5);\" href=\"about:blank?trp-edit-translation=preview\">Centre de privacitat de Google<\/a><\/td>\n<\/tr>\n<\/tbody>\n<\/table>\n<p style=\"color: var(--awb-color5);\">Nota: Les cookies de tipus \u201cPr\u00f2pies\u201d s\u00f3n utilitzades nom\u00e9s pel propietari d\u2019aquesta web i les cookies \u201cDe tercers\u201d s\u00f3n utilitzades, tamb\u00e9, pel prestador del servei que est\u00e0 detallat la taula anterior.<\/p>\n<p style=\"color: var(--awb-color5);\">Pot informar-se de les transfer\u00e8ncies a tercers pa\u00efsos que, si escau, realitzen els tercers identificats en aquesta pol\u00edtica de cookies en els seus corresponents pol\u00edtiques (veure els enlla\u00e7os facilitats en l\u2019apartat \u201cM\u00e9s informaci\u00f3\u201d de la taula anterior).<\/p>\n<p><strong style=\"color: var(--awb-color5);\">Com administrar cookies en el navegador?<\/strong><\/p>\n<p style=\"color: var(--awb-color5);\">L\u2019usuari t\u00e9 l\u2019opci\u00f3 de permetre, bloquejar o eliminar les cookies instal\u00b7lades en el seu equip mitjan\u00e7ant la configuraci\u00f3 de les opcions del navegador instal\u00b7lat en la seva terminal:<\/p>\n<ul>\n<li><strong style=\"color: var(--awb-color5);\">Firefox<\/strong><span style=\"color: var(--awb-color5);\">:<\/span><\/li>\n<\/ul>\n<p><a style=\"color: var(--awb-color5);\" href=\"about:blank?trp-edit-translation=preview\">http:\/\/support.mozilla.org\/es\/kb\/habilitar-y-deshabilitar-cookies-que-los-sitios-we<\/a><\/p>\n<ul>\n<li><strong style=\"color: var(--awb-color5);\">Chrome<\/strong><span style=\"color: var(--awb-color5);\">:<\/span><\/li>\n<\/ul>\n<p><a style=\"color: var(--awb-color5);\" href=\"about:blank?trp-edit-translation=preview\">http:\/\/support.google.com\/chrome\/bin\/answer.py?hl=es&amp;answer=95647<\/a><\/p>\n<ul>\n<li><strong style=\"color: var(--awb-color5);\">Internet Explorer<\/strong><span style=\"color: var(--awb-color5);\">:<\/span><\/li>\n<\/ul>\n<p><a style=\"color: var(--awb-color5);\" href=\"about:blank?trp-edit-translation=preview\">https:\/\/support.microsoft.com\/es-es\/help\/278835\/how-to-delete-cookie-files-in-internet-explorer<\/a><\/p>\n<ul>\n<li><strong style=\"color: var(--awb-color5);\">Microsoft Edge:<\/strong><\/li>\n<\/ul>\n<p><a style=\"color: var(--awb-color5);\" href=\"about:blank?trp-edit-translation=preview\">https:\/\/support.microsoft.com\/es-es\/help\/4468242\/microsoft-edge-browsing-data-and-privacy-microsoft-privacy<\/a><\/p>\n<ul>\n<li><strong style=\"color: var(--awb-color5);\">Safari<\/strong><span style=\"color: var(--awb-color5);\">:<\/span><\/li>\n<\/ul>\n<p><a style=\"color: var(--awb-color5);\" href=\"about:blank?trp-edit-translation=preview\">http:\/\/support.apple.com\/kb\/ph5042<\/a><\/p>\n<ul>\n<li><strong style=\"color: var(--awb-color5);\">Opera<\/strong><span style=\"color: var(--awb-color5);\">:<\/span><\/li>\n<\/ul>\n<p><a style=\"color: var(--awb-color5);\" href=\"about:blank?trp-edit-translation=preview\">http:\/\/help.opera.com\/Windows\/11.50\/es-ES\/cookies.html<\/a><\/p>\n<p style=\"color: var(--awb-color5);\">En cas de bloquejar l\u2019\u00fas de cookies en el seu navegador \u00e9s possible que alguns serveis o funcionalitats de la p\u00e0gina web no estiguin disponibles.<\/p>\n<p style=\"color: var(--awb-color5);\">En alguns navegadors es poden configurar regles espec\u00edfiques per a administrar cookies per lloc web, la qual cosa ofereix un control m\u00e9s prec\u00eds sobre la privacitat. Aix\u00f2 significa que es pot inhabilitar cookies de tots els llocs excepte d\u2019aquells en els quals es confi\u00ef.<\/p>\n<p><strong style=\"color: var(--awb-color5);\">Actualitzat:<\/strong><span style=\"color: var(--awb-color5);\"> 23\/08\/2023 12:44<\/span><\/p>\n<p><strong style=\"color: var(--awb-color5);\">Qu\u00e8 s\u00f3n les galetes?<\/strong><\/p>\n<p style=\"color: var(--awb-color5);\">Les galetes (cookies) i tecnologies similars s\u00f3n documents de text molt petits o fragments de codi que sovint contenen un codi d&#8217;identificaci\u00f3 \u00fanic. Quan visiteu un lloc web o useu una aplicaci\u00f3 m\u00f2bil, un ordinador demana perm\u00eds al vostre ordinador o dispositiu m\u00f2bil per guardar aquest arxiu a l&#8217;ordinador o dispositiu m\u00f2bil i accedir a la informaci\u00f3. La informaci\u00f3 recopilada a trav\u00e9s de galetes i tecnologies similars pot incloure la data i l&#8217;hora de la visita i la forma en qu\u00e8 useu un lloc web o una aplicaci\u00f3 m\u00f2bil en particular.<\/p>\n<p><strong style=\"color: var(--awb-color5);\">Per a qu\u00e8 emprem galetes?<\/strong><\/p>\n<p style=\"color: var(--awb-color5);\">Les galetes asseguren que durant la vostra visita a la nostra botiga en l\u00ednia vost\u00e8 estigui connectat, que tots els articles romanguin emmagatzemats a la cistella de compres, que pugueu comprar de manera segura i que el lloc web segueixi funcionant sense problemes. Les galetes tamb\u00e9 asseguren que puguem veure com s&#8217;usa el nostre lloc web i com podem millorar-lo. A m\u00e9s, depenent de les vostres prefer\u00e8ncies, les nostres galetes poden ser usades per a presentar-vos anuncis espec\u00edfics que coincideixin amb els vostres interessos personals.<\/p>\n<p><strong style=\"color: var(--awb-color5);\">Quin tipus de galetes usem?<\/strong><\/p>\n<p><strong style=\"color: var(--awb-color5);\">Galetes necess\u00e0ries<\/strong><\/p>\n<p style=\"color: var(--awb-color5);\">Aquestes galetes s\u00f3n necess\u00e0ries perqu\u00e8 el lloc web funcioni correctament. Algunes de les seg\u00fcents accions es poden realitzar gr\u00e0cies a aquestes galetes:- Emmagatzemar articles en un carret de compra per a compres en l\u00ednia- Desar les prefer\u00e8ncies de galetes per a aquest lloc web- Desar prefer\u00e8ncies d&#8217;idioma- Iniciar una sessi\u00f3 al nostre portal. Hem de comprovar si heu iniciat sessi\u00f3.<\/p>\n<p><strong style=\"color: var(--awb-color5);\">Com puc desactivar o eliminar les galetes?<\/strong><\/p>\n<p style=\"color: var(--awb-color5);\">Podeu optar per no usar totes les galetes, excepte les necess\u00e0ries. A la configuraci\u00f3 del navegador, podeu canviar la configuraci\u00f3 per tal d&#8217;assegurar-vos que es bloquin les galetes. La majoria dels navegadors us ofereixen una explicaci\u00f3 sobre com fer-ho a l&#8217;anomenat &#8220;men\u00fa d&#8217;ajuda&#8221;. No obstant aix\u00f2, si bloqueu les galetes, \u00e9s possible que no pugueu gaudir de totes les caracter\u00edstiques t\u00e8cniques que el nostre lloc web t\u00e9 per oferir-vos i pot afectar negativament a la vostra experi\u00e8ncia d&#8217;usuari.<\/p>\n<p style=\"color: var(--awb-color5);\">Hem facilitat la gesti\u00f3 del vostre consentiment.<\/p>\n<p style=\"color: var(--awb-color5);\">Si voleu veure la vostra auditoria de consentiments, poseu-vos en contacte amb l&#8217;administrador del lloc web.<\/p>\n<p><span style=\"color: var(--awb-color5);\">El vostre darrer canvi de consentiment s&#8217;ha registrat el: <\/span><strong style=\"color: var(--awb-color5);\">23\/08\/2023 12:45<\/strong><\/p>\n<p><strong style=\"color: var(--awb-color5);\">Les galetes que emprem al nostre lloc web<\/strong><\/p>\n<p><strong style=\"color: var(--awb-color5);\">Actualitzat:<\/strong><span style=\"color: var(--awb-color5);\"> 23\/08\/2023 12:46<\/span><\/p>\n<table>\n<tbody>\n<tr>\n<td colspan=\"5\"><strong style=\"color: var(--awb-color5);\">Necess\u00e0ria<\/strong><\/td>\n<\/tr>\n<tr>\n<td><strong style=\"color: var(--awb-color5);\">Nom<\/strong><\/td>\n<td><strong style=\"color: var(--awb-color5);\">Prop\u00f2sit<\/strong><\/td>\n<td><strong style=\"color: var(--awb-color5);\">Nom de domini<\/strong><\/td>\n<td><strong style=\"color: var(--awb-color5);\">Caducitat<\/strong><\/td>\n<td><strong style=\"color: var(--awb-color5);\">Prove\u00efdor<\/strong><\/td>\n<td><strong style=\"color: var(--awb-color5);\">Type<\/strong><\/td>\n<\/tr>\n<tr>\n<td><strong style=\"color: var(--awb-color5);\">cookiefirst-consent<\/strong><\/td>\n<td><span style=\"color: var(--awb-color5);\">Aquesta galeta guarda les vostres prefer\u00e8ncies de galetes per a aquest lloc web. Podeu canviar-les o retirar el consentiment f\u00e0cilment.<\/span><\/td>\n<td><span style=\"color: var(--awb-color1);\"><span style=\"color: var(--awb-color5);\">grupbrm.cat\/formaci\u00f3 <\/span><br \/>\n<\/span><\/td>\n<td><span style=\"color: var(--awb-color5);\">un any<\/span><\/td>\n<td><a style=\"color: var(--awb-color5);\" href=\"https:\/\/cookiefirst.com\/legal\/data-processing-agreement\/?trp-edit-translation=preview\">Cookie First<\/a><\/td>\n<td><strong style=\"color: var(--awb-color5);\">Cookie<\/strong><\/td>\n<\/tr>\n<tr>\n<td><strong style=\"color: var(--awb-color5);\">cookiefirst-consent<\/strong><\/td>\n<td><span style=\"color: var(--awb-color5);\">Aquesta galeta guarda les vostres prefer\u00e8ncies de galetes per a aquest lloc web. Podeu canviar-les o retirar el consentiment f\u00e0cilment.<\/span><\/td>\n<td><span style=\"color: var(--awb-color5);\">grupbrm.cat\/formaci\u00f3<\/span><\/td>\n<td><span style=\"color: var(--awb-color5);\">persistent<\/span><\/td>\n<td><a style=\"color: var(--awb-color5);\" href=\"https:\/\/cookiefirst.com\/legal\/data-processing-agreement\/?trp-edit-translation=preview\">Cookie First<\/a><\/td>\n<td><strong style=\"color: var(--awb-color5);\">Local storage<\/strong><\/td>\n<\/tr>\n<tr>\n<td><strong style=\"color: var(--awb-color5);\">cookiefirst-id<\/strong><\/td>\n<td><span style=\"color: var(--awb-color5);\">Aquesta galeta cont\u00e9 el vostre identificador \u00fanic perqu\u00e8 CookieFirst pugui identificar els visitants \u00fanics d&#8217;aquest lloc web.<\/span><\/td>\n<td><span style=\"color: var(--awb-color5);\">grupbrm.cat\/formaci\u00f3<\/span><\/td>\n<td><span style=\"color: var(--awb-color5);\">persistent<\/span><\/td>\n<td><a style=\"color: var(--awb-color5);\" href=\"https:\/\/cookiefirst.com\/legal\/data-processing-agreement\/?trp-edit-translation=preview\">Cookie First<\/a><\/td>\n<td><strong style=\"color: var(--awb-color5);\">Local storage<\/strong><\/td>\n<\/tr>\n<\/tbody>\n<\/table>\n<\/div><\/div><\/div><\/div><\/div>\n","protected":false},"excerpt":{"rendered":"","protected":false},"author":2,"featured_media":0,"parent":0,"menu_order":0,"comment_status":"closed","ping_status":"closed","template":"100-width.php","meta":{"footnotes":""},"class_list":["post-1750","page","type-page","status-publish","hentry"],"yoast_head":"<!-- This site is optimized with the Yoast SEO plugin v27.2 - https:\/\/yoast.com\/product\/yoast-seo-wordpress\/ -->\n<title>Pol\u00edtica de Cookies - Formaci\u00f3 BRM<\/title>\n<meta name=\"description\" content=\"Aquest lloc web utilitza cookies pr\u00f2pies i de tercers per a oferir-li una millor experi\u00e8ncia i servei. En navegar o utilitzar els nostres...\" \/>\n<meta name=\"robots\" content=\"index, follow, max-snippet:-1, max-image-preview:large, max-video-preview:-1\" \/>\n<link rel=\"canonical\" href=\"https:\/\/grupbrm.cat\/formacio\/politica-de-cookies\/\" \/>\n<meta property=\"og:locale\" content=\"ca_ES\" \/>\n<meta property=\"og:type\" content=\"article\" \/>\n<meta property=\"og:title\" content=\"Pol\u00edtica de Cookies - Formaci\u00f3 BRM\" \/>\n<meta property=\"og:description\" content=\"Aquest lloc web utilitza cookies pr\u00f2pies i de tercers per a oferir-li una millor experi\u00e8ncia i servei. En navegar o utilitzar els nostres...\" \/>\n<meta property=\"og:url\" content=\"https:\/\/grupbrm.cat\/formacio\/politica-de-cookies\/\" \/>\n<meta property=\"og:site_name\" content=\"Formaci\u00f3 BRM\" \/>\n<meta property=\"article:modified_time\" content=\"2024-09-17T07:30:00+00:00\" \/>\n<meta name=\"twitter:card\" content=\"summary_large_image\" \/>\n<meta name=\"twitter:label1\" content=\"Temps estimat de lectura\" \/>\n\t<meta name=\"twitter:data1\" content=\"8 minuts\" \/>\n<script type=\"application\/ld+json\" class=\"yoast-schema-graph\">{\"@context\":\"https:\/\/schema.org\",\"@graph\":[{\"@type\":\"WebPage\",\"@id\":\"https:\/\/grupbrm.cat\/formacio\/politica-de-cookies\/\",\"url\":\"https:\/\/grupbrm.cat\/formacio\/politica-de-cookies\/\",\"name\":\"Pol\u00edtica de Cookies - Formaci\u00f3 BRM\",\"isPartOf\":{\"@id\":\"https:\/\/grupbrm.cat\/formacio\/#website\"},\"datePublished\":\"2023-08-23T10:45:35+00:00\",\"dateModified\":\"2024-09-17T07:30:00+00:00\",\"description\":\"Aquest lloc web utilitza cookies pr\u00f2pies i de tercers per a oferir-li una millor experi\u00e8ncia i servei. En navegar o utilitzar els nostres...\",\"breadcrumb\":{\"@id\":\"https:\/\/grupbrm.cat\/formacio\/politica-de-cookies\/#breadcrumb\"},\"inLanguage\":\"ca\",\"potentialAction\":[{\"@type\":\"ReadAction\",\"target\":[\"https:\/\/grupbrm.cat\/formacio\/politica-de-cookies\/\"]}]},{\"@type\":\"BreadcrumbList\",\"@id\":\"https:\/\/grupbrm.cat\/formacio\/politica-de-cookies\/#breadcrumb\",\"itemListElement\":[{\"@type\":\"ListItem\",\"position\":1,\"name\":\"Inici\",\"item\":\"https:\/\/grupbrm.cat\/formacio\/\"},{\"@type\":\"ListItem\",\"position\":2,\"name\":\"Pol\u00edtica de Cookies\"}]},{\"@type\":\"WebSite\",\"@id\":\"https:\/\/grupbrm.cat\/formacio\/#website\",\"url\":\"https:\/\/grupbrm.cat\/formacio\/\",\"name\":\"Formaci\u00f3 BRM\",\"description\":\"Centre de Formaci\u00f3 BRM\",\"potentialAction\":[{\"@type\":\"SearchAction\",\"target\":{\"@type\":\"EntryPoint\",\"urlTemplate\":\"https:\/\/grupbrm.cat\/formacio\/?s={search_term_string}\"},\"query-input\":{\"@type\":\"PropertyValueSpecification\",\"valueRequired\":true,\"valueName\":\"search_term_string\"}}],\"inLanguage\":\"ca\"}]}<\/script>\n<!-- \/ Yoast SEO plugin. -->","yoast_head_json":{"title":"Pol\u00edtica de Cookies - Formaci\u00f3 BRM","description":"Aquest lloc web utilitza cookies pr\u00f2pies i de tercers per a oferir-li una millor experi\u00e8ncia i servei. En navegar o utilitzar els nostres...","robots":{"index":"index","follow":"follow","max-snippet":"max-snippet:-1","max-image-preview":"max-image-preview:large","max-video-preview":"max-video-preview:-1"},"canonical":"https:\/\/grupbrm.cat\/formacio\/politica-de-cookies\/","og_locale":"ca_ES","og_type":"article","og_title":"Pol\u00edtica de Cookies - Formaci\u00f3 BRM","og_description":"Aquest lloc web utilitza cookies pr\u00f2pies i de tercers per a oferir-li una millor experi\u00e8ncia i servei. En navegar o utilitzar els nostres...","og_url":"https:\/\/grupbrm.cat\/formacio\/politica-de-cookies\/","og_site_name":"Formaci\u00f3 BRM","article_modified_time":"2024-09-17T07:30:00+00:00","twitter_card":"summary_large_image","twitter_misc":{"Temps estimat de lectura":"8 minuts"},"schema":{"@context":"https:\/\/schema.org","@graph":[{"@type":"WebPage","@id":"https:\/\/grupbrm.cat\/formacio\/politica-de-cookies\/","url":"https:\/\/grupbrm.cat\/formacio\/politica-de-cookies\/","name":"Pol\u00edtica de Cookies - Formaci\u00f3 BRM","isPartOf":{"@id":"https:\/\/grupbrm.cat\/formacio\/#website"},"datePublished":"2023-08-23T10:45:35+00:00","dateModified":"2024-09-17T07:30:00+00:00","description":"Aquest lloc web utilitza cookies pr\u00f2pies i de tercers per a oferir-li una millor experi\u00e8ncia i servei. En navegar o utilitzar els nostres...","breadcrumb":{"@id":"https:\/\/grupbrm.cat\/formacio\/politica-de-cookies\/#breadcrumb"},"inLanguage":"ca","potentialAction":[{"@type":"ReadAction","target":["https:\/\/grupbrm.cat\/formacio\/politica-de-cookies\/"]}]},{"@type":"BreadcrumbList","@id":"https:\/\/grupbrm.cat\/formacio\/politica-de-cookies\/#breadcrumb","itemListElement":[{"@type":"ListItem","position":1,"name":"Inici","item":"https:\/\/grupbrm.cat\/formacio\/"},{"@type":"ListItem","position":2,"name":"Pol\u00edtica de Cookies"}]},{"@type":"WebSite","@id":"https:\/\/grupbrm.cat\/formacio\/#website","url":"https:\/\/grupbrm.cat\/formacio\/","name":"Formaci\u00f3 BRM","description":"Centre de Formaci\u00f3 BRM","potentialAction":[{"@type":"SearchAction","target":{"@type":"EntryPoint","urlTemplate":"https:\/\/grupbrm.cat\/formacio\/?s={search_term_string}"},"query-input":{"@type":"PropertyValueSpecification","valueRequired":true,"valueName":"search_term_string"}}],"inLanguage":"ca"}]}},"_links":{"self":[{"href":"https:\/\/grupbrm.cat\/formacio\/wp-json\/wp\/v2\/pages\/1750","targetHints":{"allow":["GET"]}}],"collection":[{"href":"https:\/\/grupbrm.cat\/formacio\/wp-json\/wp\/v2\/pages"}],"about":[{"href":"https:\/\/grupbrm.cat\/formacio\/wp-json\/wp\/v2\/types\/page"}],"author":[{"embeddable":true,"href":"https:\/\/grupbrm.cat\/formacio\/wp-json\/wp\/v2\/users\/2"}],"replies":[{"embeddable":true,"href":"https:\/\/grupbrm.cat\/formacio\/wp-json\/wp\/v2\/comments?post=1750"}],"version-history":[{"count":5,"href":"https:\/\/grupbrm.cat\/formacio\/wp-json\/wp\/v2\/pages\/1750\/revisions"}],"predecessor-version":[{"id":3460,"href":"https:\/\/grupbrm.cat\/formacio\/wp-json\/wp\/v2\/pages\/1750\/revisions\/3460"}],"wp:attachment":[{"href":"https:\/\/grupbrm.cat\/formacio\/wp-json\/wp\/v2\/media?parent=1750"}],"curies":[{"name":"wp","href":"https:\/\/api.w.org\/{rel}","templated":true}]}}